+ (-13 - (2 + -4 + -3)))?
-14
Evaluate (4 + -2 - 1) + 7.
8
-30 + 15 + 10 + 13
8
What is the value of -5 + 0 + -2 + -3 + 3 + 1?
-6
Evaluate 17 + -15 + 8 + (-17 - -8).
1
Evaluate -3 - (-8 - (-7 + 8 - -4) - -5).
5
Calculate -8 - (11 + -16 + -6).
3
What is the value of -8 + (9 - -4) - -5?
10
Evaluate -24 - (-16 + 17 + -25).
0
-7 + 5 + -1 + (-39 - -44) - 4
-2
Evaluate -7 + (21 - -19 - 9).
24
What is 4 + (7 + -9 + -5 - -9)?
6
-3 + -13 + (-5 - 8) + (-1 - -22)
-8
Evaluate -3 + (-114 - -117 - (-1 + 11)).
-10
127 + -136 + (-6 + 3 - -26)
14
What is the value of -2 - ((18 - 1) + (273 - 305))?
13
(-1 - -18) + -25 + 16
8
What is the value of 228 + -199 + (0 - 2 - 13)?
14
What is (-18 - -8) + (7 - -1) - 6?
-8
(0 - 1) + (0 - -1) + -23 + 18
-5
Calculate -1 + 13 + (1 - -5) + 0 - 5.
13
Calculate 30 + 7 + 37 + -65.
9
What is the value of -2 - (-2 + (-17 - -11) - (4 - 21))?
-11
What is 7 + (2 - (2 + 2 - 6) - 8)?
3
What is the value of 18 + -20 + 2 + -1 + 2?
1
What is the value of 4 - -7 - 7 - 10?
-6
Calculate (0 - -1) + 6 + (-195 + 227 - 40).
-1
Evaluate (0 + -7 - (-12 - 4)) + -1 + 2.
10
What is (-44 - -20) + 26 + (1 - -1)?
4
Evaluate (4 - 5) + -2 + -4.
-7
32 - (-18 + -20 + 71)
-1
14 - (8 + 32 - 20)
-6
(9 + -18 - 7) + 24
8
What is -15 + -7 + 10 + -1 - (4 - 3)?
-14
-51 - -57 - (-4 + 5 + 1 + 5)
-1
8 - 0 - (12 - (18 - 0))
14
Evaluate (4 - -10 - 1) + 1.
14
Evaluate 36 - (-29 + 2 + 73).
-10
What is 10 + -3 - (3 + (0 - 6)) - 23?
-13
What is the value of 1 + -4 + (27 - 10)?
14
Calculate (2 - (2 - 8)) + 14 - (9 + 0).
13
What is the value of 3 + (0 - (13 - 8) - 9)?
-11
Evaluate -53 + (51 - 7) + (-2 - 1 - -8).
-4
18 + -9 - (18 + -27)
18
What is -9 - -12 - (3 + -10)?
10
Calculate -3 - ((-23 - -7) + 17).
-4
What is -1 + 2 - (3 - -11 - (1 + 2))?
-10
What is 0 + 12 + -24 + 9 + 15?
12
What is 4 + -5 + 3 + 3 + (3 - 16)?
-8
Evaluate 5 + -6 + 13 + -11.
1
-9 + 12 + -22 - -10
-9
Evaluate (1 - (14 - 4) - -8) + 8 + 2.
9
What is the value of -4 - (1 - (-7 + -2 + 28))?
14
What is the value of (-2 - 6) + 12 - 0 - -3 - 2?
5
Evaluate 18 + -2 - ((2 - -12) + -8).
10
Calculate (-22 + 43 - 45) + 25.
1
(7 - -1) + 15 + -29 + 11 + -20
-15
What is -28 + 14 + (24 - 1) + 1?
10
Evaluate -1 - -3 - (7 + -13) - 31.
-23
What is the value of 9 + (-20 - (5 + 3)) + 7?
-12
Calculate 2 + -21 - (105 - 111).
-13
0 + -15 + 50 + -14
21
Evaluate (9 - -12) + (0 - (-6 + 12)).
15
Calculate -5 - (-14 + (-3 - -33)).
-21
Evaluate (-3 - (-3 + 2 + 8)) + 6 + -20.
-24
(4 - -5) + -14 + -2
-7
Evaluate (32 - 34) + 0 + (-5 - -17).
10
11 - (-1 + (4 - (-1 - -2))) - 4
5
Calculate -6 + -17 + (-17 - -21).
-19
What is 92 + -100 + (3 + 0 - -18)?
13
Evaluate -66 + 80 - (35 - 2) - -15.
-4
-3 - (-9 - (0 - 3)) - (4 + -4)
3
(-1 - -9) + -196 + 193 + -21
-16
14 + (11 - 18) + -3
4
Evaluate 30 - (-4 - (-3 + -17)).
14
What is (-618 - -678) + -21 + 0?
39
Evaluate 1 + (-4 - -21) + -7 - 10.
1
3531 + -3542 - (-29 + 0 + -1)
19
Calculate -11 + 1 - (6 + -22).
6
What is -14 + (-6 - -27) + -5?
2
Calculate (2 - -4) + (6 + -17 - 9) + 7.
-7
What is the value of 6 - 11 - ((10 - 4) + -14)?
3
2 - (19 - 8) - -23
14
What is the value of (17 - (8 - 8)) + -4?
13
Calculate -6 + -4 + (19 - (9 - 1 - 12)).
13
-29 + (13 - (-19 + 16) - (5 - -2))
-20
Evaluate (-71 - -74) + -7 + 0.
-4
Evaluate -35 + 17 + (5 - 10) + 6 + 7.
-10
What is the value of -14 + 1 + (66 - 53) + 2 + -22?
-20
-3 - (-4 - -10) - (3 - -3)
-15
What is the value of -2 + (8 - 2) - 22?
-18
Calculate -12 - 1 - (2 - 6) - (-39 + 43).
-13
77 - 96 - (-13 + 2)
-8
What is the value of -4 + (5 - 12 - -14) + 1 + -9?
-5
-38 + 0 - ((-135 - -53) + 72)
-28
Calculate -14 - -10 - (23 + -27) - 14.
-14
Calculate (-8 - 9 - -2) + (3 - -2).
-10
What is 7 + (-22 - ((-18 - -14) + 2))?
-13
Calculate 9 - (22 + 2 - 5).
-10
What is -2 + 11 - (-117 - -127)?
-1
What is the value of 6 + (-8 - (-18 - (-4 + 1)) - 15)?
-2
-35 - -16 - (19 + 15 - 15)
-38
Calculate (2 - (3 - -3)) + -100 + 83.
-21
-1 - (7 + (-5 - 20))
17
What is the value of 9 - (24 - ((10 - 11) + 11)) - -36?
31
-13 + -1 - (38 - 49)
-3
What is -3 + 7 - -3 - (-47 + 13 + 26)?
15
What is the value of -6 + (-9 - -26) + 1?
12
Evaluate -25 + (6 - 5 - -3 - -6).
-15
Evaluate -13 + -22 + 15 + 3 + 15.
-2
-1 + (-9 - -7) - ((-1 - 2) + 4)
-4
What is -2 + 3 + -3 - (-3 - -3 - 9)?
7
Evaluate -2 - -11 - (20 + (18 + -20 - 0)).
-9
Evaluate 2 - -44 - (60 - 21).
7
Evaluate 10 + (-10 - -9 - 0).
9
Evaluate 23 + -1 - (-11 + -15 + 35).
13
Calculate 7 - 10 - 1 - 6.
-10
What is (0 - 4) + (2 - 2)?
-4
Evaluate 13 - (10 + (8 - 7) - 10) - -5.
17
What is -2 - -1 - ((-10 - -21) + -1)?
-11
What is 5 + 2 + 1 + -1 - (-4 - -7)?
4
9 - ((64 - 58) + 0 + 26)
-23
Evaluate -19 - 0 - (-89 + 58).
12
What is 37 + -18 + -9 + -26 + -17?
-33
Evaluate -43 + 45 - (-1 - (4 - 1)).
6
What is -29 + 2 - (-47 + 4)?
16
Evaluate -4 - ((43 - 21) + (3 + -3 - 5)).
-21
Evaluate -109 - -94 - (-12 - 1).
-2
What is the value of 26 - 3 - (68 + -43)?
-2
-1 + 4 + 409 + -394
18
Calculate -2 + -1 + (-37 - -50 - (5 - -1)).
4
124 - 135 - (-2 - 18)
9
What is the value of -6 + 4 + (8 - 2) + (-19 - -30)?
15
Calculate 29 + (16 - 14) - 19.
12
(44 - 36) + -1 + 7
14
5 + -2 - (-7 - -2) - 8
0
Calculate -19 + 13 + (-4 - (-20 - -10)).
0
What is 1 - (3 - (-4 + 2))?
-4
Calculate (-21 - -5) + (12 - -3).
-1
What is the value of -35 + 38 + -17 + -3?
-17
Calculate (20 - (4 + 13)) + -9 - -16.
10
What is the value of 5 + (-3 - -8) + -1 - 10?
-1
What is -4 + (-12 - (7 - 29))?
6
Evaluate 29 - (-22 - (-87 + 40)).
4
-10 + -4 - (-6 + 19 - 10)
-17
8 + (6 - (2 + -9) - 8)
13
126 - 130 - (19 - 4)
-19
Evaluate 3 + (6 - 0) - (30 + -23).
2
-40 + (33 - (6 + 13))
-26
1 - -28 - (91 + -82)
20
Calculate -17 - (2 + -13 + 6).
-12
What is (-13 - 5) + (7 - -1) + 18?
8
What is 9 + -4 + -4 - -13?
14
Calculate -38 + 15 + -4 + 1 + 0.
-26
What is -49 + 32 + (6 - 8)?
-19
What is -19 + 0 + (25 - 12)?
-6
-9 + 4 + -1 + 16
10
Evaluate -57 + 34 - (7 - 24).
-6
Calculate 2 - -17 - (18 - 14 - -6).
9
Calculate 16 + -2 + (602 - 591).
25
-7 + -5 - (-37 - 10 - -11)
24
Evaluate -7 - (-3 - -1) - (302 - 313).
6
1 + -4 + 1 + 23 + -22 - -10
9
What is the value of -16 - (10 - (13 - -8))?
-5
Evaluate 20 + -9 - 37 - 11.
-37
What is -10 + -12 + 10 + 1 + 5?
-6
Calculate -16 + 12 + 24 + (13 - 4).
29
What is the value of 6 - (0 + 5 + 1) - 0?
0
Calculate -4 + -1 - (-28 + 5 + 15).
3
-33 + 1 + 2 + 17
-13
Evaluate (-14 - 0) + 25 + -6 + 13.
18
What is 10 - (31 + (0 - 11 - (95 + -105)))?
-20
What is (51 - (-16 + 46)) + -30?
-9
-26 - ((25 - 55) + 37)
-33
378 + -390 + -2 + 19
5
What is 9 - (9 + 5 + -21)?
16
What is the value of 17 + (-11 - 6 - 13)?
-13
What is the value of (-60 - -62) + (0 - ((9 - 0) + 0))?
-7
Evaluate -14 + (3 - (0 - 17)) + 26.
32
What is -58 + 66 - (1 + 3)?
4
Calculate -11 - (3 + -10) - -14.
10
Calculate (116 - 94) + (2 - 14).
10
Calculate 1 + 4 - ((22 - (-8 + 27)) + -4).
6
(-5 - (29 - 29)) + 8 + -1
2
What is -20 + 36 - 8 - -5?
13
Calculate 1 + (-14 - 2) - (24 + -28).
-11
What is 10 + (0 - (-1 - -3) - 3)?
5
What is the value of -6 - (0 - -1 - -16 - 15)?
-8
Calculate (-13 - -7) + -7 + 17.
4
What is the value of 233 + -229 + (-4 - -18) + 3?
21
What is 12 + 12 + -5 - (-13 - -11 - -9)?
12
(-321 - -297) + 40 + -2
14
(20 - -47) + -31 - 10
26
Evaluate 1 - 5 - -1 - -1.
-2
What is the value of -19 + (-4 - ((1 - -2 - 5) + -8))?
-13
-6 + (5 - (-1 - -1)) + (-12 - 1)
-14
What is the value of -2 - -16 - 38 - (-16 + 21)?
-29
Evaluate -1 + -6 + 165 + -141.
17
What is 9 - (1 + (4 - 0))?
4
Calculate 29 + -5 - (80 + -76).
20
What is -7 - (12 + -9 + 6 + -2 - 3)?
-11
What is the value of -1 + -4 + 2 + (-9 - 12) + 13?
-11
17 + -1 - (-8 + 18 - (34 - 14))
26
Evaluate -28 - -9 - -1 - (15 + -2).
-31
14 + 0 - ((-25 - -31) + 26)
-18
Evaluate 2 - -1 - (12 + (12 - 36)).
15
Calculate (55 - 47) + (2 - 4) + 7.
13
37 + -18 + 92 + -116
-5
What is 3 + (5 - (-10 - (6 + -14)))?
10
Calculate -10 + -3 - (-3 + -25).
15
Evaluate 0 + -6 + (1 + -6 - -6).
-5
Calculate -1 + 5 + 428 + -421.
11
What is -3 - (-1 - (2 + -2 - 3 - -1))?
-4
Evaluate -7 + -1 + 2 - (-3 + -1).
-2
Evaluate 31 - (-4 - (-17 + 2) - (-1 + 9)).
28
Calculate (10 + 2 + -1 - 2) + -29.
-20
-2 - 1 - (67 - 80)
10
Calculate (-14 + 10 - -7) + -12 - 7.
-16
Calculate (-27 - -24) + 2 + 7.
6
18 - (-25 + -22 + 72)
-7
(-30 - -15) + 3 - -16
4
(3 - 8 - 0) + (243 - 228)
10
What is (-6 - (-9 + 0